 u(b) = -b**3 + 5448*b**2 - 43519*b - 3. Give u(8).
5
Let a(d) = -57*d**2 + 72*d + 1081. Calculate a(5).
16
Let v(f) = -2*f**3 - 40*f**2 + 5*f + 158. What is v(-19)?
-659
Let r(l) = -226*l**3 + 3*l**2 - 107*l + 103. Calculate r(1).
-227
Let b(o) = -2*o**3 + 50*o**2 - 16*o + 60. Calculate b(25).
-340
Let a(v) = 2479*v + 29707. What is a(-12)?
-41
Let z(a) = -2101*a + 44374. Determine z(21).
253
Let i(k) = 298*k**2 + k + 464. What is i(0)?
464
Let f(r) = 1284*r + 200306. Determine f(-156).
2
Let g(o) = 5519*o - 76817. Calculate g(14).
449
Let m(o) = 7*o**3 - 662*o**2 + 381*o - 395. Calculate m(94).
75
Let u(m) = 2*m**2 + 11696*m + 105486. Determine u(-9).
384
Let q(a) = 197*a - 10082. Give q(49).
-429
Let z(s) = 951*s + 166446. Calculate z(-175).
21
Let a(s) = -3*s**3 - 14*s**2 + 94*s + 120. Determine a(7).
-937
Let z(r) = -3*r**2 + 428*r - 15023. Give z(69).
226
Let k(n) = -n**2 + 573*n + 118900. Calculate k(-162).
-170
Let i(a) = 214*a**2 + 11222*a + 141290. What is i(-21)?
2
Let w(d) = 4*d**2 - 1175*d - 9963. Calculate w(302).
3
Let b(c) = -4*c**3 + 49*c**2 + 223*c - 3079. Give b(11).
-21
Let m(p) = 6*p**2 - 52*p + 20. Give m(10).
100
Let k(p) = 2*p**3 - 41*p**2 + 1305*p - 27872. Give k(21).
-26
Let j(b) = 341*b - 35899. Determine j(97).
-2822
Let u(x) = -6*x**3 - 322*x**2 - 526*x - 175. Give u(-52).
137
Let t(b) = -b**2 - 4798*b + 19197. What is t(4)?
-11
Let k(f) = -1279*f + 45955. Give k(36).
-89
Let u(k) = -60*k**2 - 319*k - 16. Determine u(-4).
300
Let h(c) = -12126*c + 1212689. Calculate h(100).
89
Let r(o) = -o**3 + 113*o**2 + 1777*o + 30. Calculate r(-14).
44
Let x(c) = -c**3 + 377*c**2 + 1843*c + 15. Determine x(-5).
350
Let p(b) = -b**3 + 21*b**2 - 277*b + 9404. What is p(25)?
-21
Let h(v) = 6*v**2 + 228*v + 1024. Determine h(-31).
-278
Let d(r) = -617*r**2 - 431*r - 524. Give d(-1).
-710
Let d(b) = 4810*b - 278995. Give d(58).
-15
Let f(b) = -b**3 + 74*b**2 - 471*b - 365. Give f(67).
-499
Let w(l) = 5680*l + 170401. What is w(-30)?
1
Let p(w) = -28*w**2 - 1160*w - 3473. Determine p(-3).
-245
Let m(a) = 13441*a + 967871. Give m(-72).
119
Let d(n) = 312337*n - 1561696. Determine d(5).
-11
Let k(s) = -2*s**3 - 34*s**2 + 7920*s - 1. Determine k(-72).
-1
Let q(m) = -m**2 - 4725*m + 954131. Determine q(194).
-155
Let l(z) = 913*z**2 - 1488*z + 564. Determine l(1).
-11
Let k(c) = -c**3 - 31*c**2 + 46*c + 23. Determine k(-32).
-425
Let k(b) = -1800*b + 890995. Calculate k(495).
-5
Let v(p) = 537*p + 12314. Determine v(-23).
-37
Let s(n) = -4*n**3 - 4476*n**2 - 258154*n - 134. Give s(-61).
-12
Let u(d) = 33*d**2 - 820*d - 4118. What is u(-5)?
807
Let n(a) = 10177*a - 17555308. Give n(1725).
17
Let h(a) = -a**3 + 354*a**2 - 11165*a - 173. What is h(319)?
-173
Let t(u) = 40123*u + 80238. Determine t(-2).
-8
Let z(p) = -290*p - 16095. Determine z(-57).
435
Let n(b) = -41*b**2 - 6541*b - 99362. Give n(-17).
-14
Let h(d) = 17*d**2 - 82*d - 364. Calculate h(-3).
35
Let b(t) = 38344*t + 12001693. Calculate b(-313).
21
Let w(f) = -f**2 - 78*f - 522. Calculate w(-68).
158
Let q(b) = 74401*b - 223193. Determine q(3).
10
Let y(m) = -m**3 - 1071*m + 45418. Give y(26).
-4
Let f(k) = -k**3 - 195*k**2 - 3663*k - 1577. What is f(-174)?
-11
Let u(q) = 391852*q - 3526655. Determine u(9).
13
Let d(u) = 3*u**2 + 913*u + 9911. Determine d(-293).
-51
Let j(k) = -k**2 - 29*k + 30. What is j(-3)?
108
Let p(i) = 4*i**3 - 166*i**2 - 97*i + 511. Give p(42).
-35
Let d(w) = -13*w**3 + 40*w**2 + 1254*w - 3767. Give d(3).
4
Let f(d) = 3*d**3 - 24*d**2 + 33*d + 18. Give f(3).
-18
Let f(l) = -5*l**3 - 1530*l**2 - 174. Give f(-306).
-174
Let h(r) = 403861*r - 1615461. Calculate h(4).
-17
Let d(n) = -379*n - 113268. Determine d(-299).
53
Let g(y) = -y**3 + 5*y**2 + 1625*y + 426. What is g(43)?
39
Let q(c) = 11478*c + 68866. Give q(-6).
-2
Let m(l) = 367*l**3 + 24*l**2 + 33*l + 10. Determine m(-1).
-366
Let w(q) = 530*q + 102409. Calculate w(-194).
-411
Let k(w) = 342*w - 69087. Give k(202).
-3
Let b(h) = -1656*h**2 + 61*h + 30. Determine b(-1).
-1687
Let m(w) = 317711*w + 7942772. Give m(-25).
-3
Let a(f) = f**2 + 34052*f - 851926. Give a(25).
-1
Let n(r) = 234*r**2 - 20119*r - 397. What is n(86)?
33
Let n(w) = -10*w**2 + 88*w - 14. Give n(6).
154
Let z(f) = -8*f**2 + 33101*f - 99295. What is z(3)?
-64
Let s(h) = -3*h**2 - 20978*h + 7871496. Give s(357).
3
Let c(i) = -293*i - 359. Determine c(-2).
227
Let d(c) = c**3 - 32*c**2 + 495*c - 14523. What is d(31)?
-139
Let d(i) = -480*i**3 + 4*i**2 + 743*i + 737. Determine d(-1).
478
Let j(s) = 59*s**3 - 225*s**2 + 537*s - 2312. What is j(4)?
12
Let c(u) = u**3 - 189*u**2 - 42824*u + 252. What is c(-133)?
-14
Let b(w) = -w**3 - 2*w**2 - 151*w - 620. Calculate b(-4).
16
Let y(u) = -9759*u + 722131. Determine y(74).
-35
Let p(y) = y**3 + 49*y**2 - 133*y - 6349. Determine p(-49).
168
Let b(n) = n**3 + 68*n**2 + 102*n + 33. What is b(-1)?
-2
Let b(w) = -33*w**2 - 279*w - 1009. Determine b(-7).
-673
Let g(s) = -s**3 + 332*s**2 - 797*s + 45263. Give g(330).
53
Let f(h) = 439*h + 112310. Determine f(-256).
-74
Let r(o) = -5176*o**2 + 15532*o - 4. Determine r(3).
8
Let q(z) = 2*z**2 - 86*z - 936. Calculate q(35).
-1496
Let w(j) = -32*j**3 + 2*j**2 + 5*j + 9. Give w(-3).
876
Let b(c) = -695*c**2 - 75022*c + 4107. What is b(-108)?
3
Let y(f) = -38554*f - 308807. Calculate y(-8).
-375
Let x(b) = -24166*b - 193331. Give x(-8).
-3
Let w(a) = -90*a - 46355. What is w(-515)?
-5
Let i(o) = 3*o**3 + 14*o**2 + 304*o + 557. Calculate i(-2).
-19
Let n(g) = g**2 - 199*g + 9427. What is n(115)?
-233
Let q(i) = 144*i - 8933. Give q(62).
-5
Let o(c) = -2*c**3 + 769*c**2 + 1703*c + 89778. Calculate o(387).
-6
Let o(k) = -2204*k + 47039. Calculate o(21).
755
Let i(o) = -49094*o - 2454729. What is i(-50)?
-29
Let n(s) = -39259*s + 706667. Calculate n(18).
5
Let z(d) = 2*d**2 + 46*d - 1277. Give z(23).
839
Let j(v) = -18053*v + 5235375. Calculate j(290).
5
Let i(m) = -2*m**2 - 85*m - 1140. Determine i(-16).
-292
Let h(f) = 95*f - 406. Determine h(1).
-311
Let w(v) = -33*v**3 - 3792*v**2 + 347*v + 280. Give w(-115).
50
Let m(k) = -7704*k - 323564. Give m(-42).
4
Let q(x) = 1150396*x - 5751971. Determine q(5).
9
Let k(f) = 9*f**3 - 27*f**2 - 12*f + 48. Give k(5).
438
Let r(b) = -2*b**3 + 176*b**2 + 416*b - 5119. Determine r(90).
-79
Let t(u) = 119*u**3 + 40*u**2 - 12*u - 27. Give t(-2).
-795
Let i(l) = 2*l**2 - 240*l + 407. What is i(121)?
649
Let j(g) = 65*g**2 + 1044*g + 4133. Determine j(-9).
2
Let q(j) = -j**3 + 29*j**2 + 27*j - 1022. Calculate q(-7).
553
Let i(p) = p**3 - 436*p**2 + 175*p - 76319. Calculate i(436).
-19
Let d(l) = -530*l**2 - 20148*l - 294. Give d(-38).
10
Let h(w) = -2*w**2 - 1551*w + 41710. Give h(26).
32
Let q(y) = -467*y - 52331. Give q(-117).
2308
Let v(d) = 24768*d - 24772. Determine v(1).
-4
Let t(q) = -485*q**2 - 512*q - 513. Give t(-1).
-486
Let r(m) = 959476*m + 3837875. Give r(-4).
-29
Let b(f) = -f**3 + 468*f**2 - 1895*f + 155. What is b(4)?
-1
Let z(d) = -79*d + 37485. Calculate z(475).
-40
Let r(s) = s**2 - 1703*s + 143647. Determine r(89).
1
Let x(t) = 5*t**2 - 91*t - 1637. Determine x(-11).
-31
Let n(q) = -q**2 - 4088*q - 32766. Give n(-8).
-126
Let l(t) = 167*t**2 - 2*t + 10. Give l(5).
4175
Let b(g) = -6*g**2 + 627*g - 9744. Give b(19).
3
Let w(u) = u**3 + 3*u**2 - 192*u - 931. Determine w(-11).
213
Let k(r) = r**3 + 99*r**2 + 15*r - 34595. Give k(-95).
80
Let y(b) = b**2 + 131*b + 3322. Determine y(-87).
-506
Let t(y) = -1336*y + 4146. Determine t(4).
-1198
Let z(p) = 5*p**3 - 58*p**2 + p + 38. Calculate z(0).
38
Let v(n) = -n**2 - 29355*n - 105. Determine v(0).
-105
Let y(q) = q**3 - 62*q**2 + 330*q - 107. Determine y(57).
2458
Let v(l) = 3251*l + 1446652. What is v(-445)?
-43
Let x(b) = -b**3 - 10*b**2 + 1013*b + 9171. Calculate x(-9).
-27
Let j(l) = 650*l + 49902. What is j(-77)?
-148
Let k(w) = w**2 + 6574*w - 1022347. Determine k(152).
5
Let g(b) = 469*b + 177370. Give g(-378).
88
Let v(w) = 4*w**2 - 4572*w - 22867. Give v(-5).
93
Let q(s) = 80520*s + 2979236. Calculate q(-37).
-4
Let c(x) = -3582*x - 1611634. Calculate c(-450).
266
Let z(g) = -6*g**2 + 253*g - 435. What is z(42)?
-393
Let n(b) = 34*b**2 + 769*b - 1131. Determine n(-24).
-3
Let i(p) = -1906*p - 1789736. Give i(-939).
-2
Let d(a) = -2909*a - 266